 (-3 - (-2 + -4 + -2)).
3
Evaluate 1 + 1 + 0 - 1.
1
Calculate -3 + 0 - (2 + 0).
-5
What is the value of -4 + (0 - -1) + 8?
5
Evaluate -2 + -5 - (-4 - (-10 - -6)).
-7
What is the value of -1 + (-5 + 1 - (-1 - -1))?
-5
Calculate 8 + -4 + 1 + (-2 - -6).
9
Calculate 0 - (1 + -1) - (-7 - -5).
2
Calculate 3 - (8 + -1) - (-16 - -9).
3
What is the value of -4 + (2 - (7 - 4))?
-5
What is the value of 11 - 17 - ((-3 - -2) + 1)?
-6
Calculate 2 + 3 + -5 - -2.
2
What is the value of 1 - 1 - (121 - 116)?
-5
What is -9 + 9 + (-13 - -9)?
-4
23 - (8 + 13) - (1 + -4)
5
What is the value of (1 + 2 - 4 - -1) + -2?
-2
7 - (3 - -5) - 6
-7
7 + (3 + -1 - 1) + -4
4
Calculate -6 + 3 + -6 + 8 + -2.
-3
0 + 9 + 14 + -4 + -13
6
Calculate 37 + -38 - (1 + -2 + 0).
0
Evaluate -9 + 9 + 7 + -9.
-2
Calculate -1 + -1 + 7 + -5 - -4.
4
Calculate (72 - 81) + -1 + 8.
-2
What is the value of 1 - -10 - (-1 + 4 + 1)?
7
What is the value of 1 - (-3 + -1 + 8 + -2)?
-1
What is the value of 12 - (3 + -2 + 5)?
6
What is the value of (6 - 4) + 4 + -1 + -1?
4
Calculate (-5 - (-6 + 1)) + -1 + -3.
-4
Evaluate 7 + (-5 - (-4 - -11)) + 3.
-2
Calculate 2 - 2 - -4 - (2 + 2).
0
What is the value of (-2 - -4) + 3 - 0?
5
-4 + (1 + 8 - -1) + -6
0
What is (-9 - -16) + (0 - -1) - 3?
5
What is 3 + (0 + -3 - (1 + -3))?
2
What is the value of -4 - -8 - (2 - (1 - 0))?
3
What is the value of -3 - (5 - (8 + -3)) - -1?
-2
What is the value of (-6 - 0) + (-1 - (2 + -14))?
5
Calculate 0 + (2 - 2) - 2.
-2
What is the value of 9 - 3 - (2 + 3)?
1
Evaluate -2 + 7 - (18 + (-16 - -9)).
-6
What is -15 + -1 + (2 - -7)?
-7
6 + -7 + 7 + -12
-6
Evaluate (5 - (4 - 5)) + -3.
3
-6 + -1 + (-40 - -52)
5
Evaluate -4 - (4 + 1 + -1 + -5).
-3
Evaluate 0 + 1 + (1 - (-5 + 4)).
3
(-8 - -4) + 4 - -1
1
What is the value of -2 - ((-5 - (-7 - -2)) + 2)?
-4
What is the value of -5 + 1 - (8 + -15)?
3
What is -5 + 3 + -3 + 3 + 6?
4
3 - (-1 + 4 - 4) - -1
5
What is -3 + (1 - 10) - -7?
-5
Calculate 6 - -3 - (5 - 4).
8
Calculate (3 - 4 - -5 - -5) + -5.
4
Calculate 40 - 36 - (0 + 7).
-3
Calculate 5 + 10 + -10 + -3.
2
What is 4 - (3 - -3 - -1)?
-3
(175 - 164) + (-1 - 7)
3
What is 12 + -13 - (2 - (0 - 1))?
-4
Evaluate 3 + (2 - (-1 + 2) - 1).
3
What is 0 + 5 - (14 - 4)?
-5
What is -6 + (-3 - -5) + 3?
-1
What is the value of -4 + 0 + (0 - 0)?
-4
Evaluate 7 - (17 - (0 - -5)).
-5
Calculate (-7 - -14 - 6) + 7.
8
-11 - (10 - (11 + 5))
-5
What is the value of 39 - 37 - (5 - 0)?
-3
Calculate 1 - -6 - (4 + (9 - -4)).
-10
What is (0 - 0) + 2 + 18 + -23?
-3
(-4 - 7) + (7 - -2)
-2
Calculate -6 + 6 + -2 + 6.
4
Evaluate -3 - (3 - (-7 - -8)).
-5
-2 + 2 + (-1 - (2 + -3))
0
Calculate -4 - (0 + -6) - 1.
1
Evaluate 6 - (-6 - -10) - (-1 - 1).
4
What is the value of 2 + -8 - (-3 - (-15 - -24))?
6
What is the value of -4 - -1 - (-3 + 5)?
-5
Evaluate -6 + -6 + 13 - -4.
5
Evaluate -10 + (0 - (4 + -7 - 2)).
-5
What is 0 + (4 - (9 + (-7 - -4)))?
-2
Evaluate 3 - (3 + -2) - 4.
-2
What is (-4 - (-6 - -5)) + 10?
7
Evaluate -6 + (2 - -1) + 5 - 0.
2
What is 5 + (5 + 2 + -4 - 9)?
-1
What is 7 - 1 - (-1 - -2)?
5
-5 - (-8 + 3 + 2)
-2
Evaluate 4 + -6 - (1 + -8).
5
Evaluate 3 - -1 - 4 - -1.
1
What is the value of (-17 - -18) + (-10 - -2) - -4?
-3
What is the value of (1 - 9) + -1 - (-232 + 227)?
-4
What is the value of 8 + -7 + 2 + -1 + -5?
-3
Calculate (2 - 1 - 2) + (-115 - -121).
5
What is the value of -1 + -1 - (-14 + 6 - -5)?
1
3 + (-3 - (3 - 8)) + -1
4
Evaluate 1 + (1 - -1) + 2 + 0.
5
Evaluate -1 + 1 - (-9 + (1 - -5)).
3
0 + -6 - (10 + -7)
-9
What is the value of 14 + -21 + (5 - 6)?
-8
Evaluate -7 - -4 - (3 - 1) - -5.
0
What is the value of (3 - 5) + 16 + -10?
4
What is the value of -7 + -4 + 4 + 7?
0
What is -5 + 8 - (1 + 7)?
-5
Evaluate -5 + (-4 + 2 - -4).
-3
What is -6 - -10 - (1 - 1)?
4
Evaluate -9 - -12 - (-1 + 3).
1
What is the value of 3 + (14 - 9) + -3?
5
Calculate 1 - -1 - ((6 - 6) + -3).
5
5 + (-18 - (8 - 17))
-4
Calculate (8 - (1 + 2)) + -7.
-2
Calculate 10 + -8 + -9 + 8.
1
Evaluate -1 - -4 - ((7 - 5) + 3).
-2
What is 0 - (1 + (4 - 7) + 4)?
-2
Evaluate 1 + (-9 - (3 - 9 - 1)).
-1
What is the value of -5 + 3 + 5 + (-4 - -3)?
2
Evaluate 12 + -2 + -5 - (-1 + 4).
2
What is -3 - (-5 + -3 + 3)?
2
(1 - -2 - 6 - 1) + 5
1
What is -15 - -1 - (292 + -299)?
-7
What is the value of -6 - (-9 - 2) - (-1 - -1)?
5
What is -3 - (-10 - (0 + (-7 - -3)))?
3
What is the value of 1 - (13 + -7 - 9)?
4
What is 7 + -11 + (-2 - -1 - 0)?
-5
Evaluate 10 + 5 + 0 - 5 - 4.
6
What is the value of 3 + (11 - 6 - 8)?
0
Calculate 2 + (5 - 14 - -3) + 9.
5
-1 + 5 - (21 - 11)
-6
Calculate 11 + 10 + -33 + 10.
-2
Calculate (5 - 9) + 13 - 10.
-1
What is the value of (-17 + 8 - -5) + 6?
2
Calculate -1 - ((3 - 11) + 2).
5
Calculate 3 + (0 - -1) - 8.
-4
(-1 - 0) + 11 + -7 + 2
5
What is the value of 13 - 20 - (2 - (2 + 16))?
9
-6 - (0 + -1 - -5)
-10
Evaluate 3 - -5 - (8 - (0 - -2)).
2
4 - -3 - (-17 - -18)
6
(2 - 15 - 0) + 11
-2
Calculate 3 - (1 + 0 + -1 - -4).
-1
Calculate -6 - 1 - (-8 + 3).
-2
Evaluate -5 + 0 - (10 + -16).
1
(-1 - -4 - 7 - -3) + 4
3
Evaluate 0 - 3 - (-9 - -1 - -11).
-6
Evaluate -1 - -6 - (5 - 4).
4
What is 7 - (-8 - (-9 + -12))?
-6
2 + -4 + 26 + -25
-1
Calculate 4 + -11 + 3 + (-1 - -5).
0
Evaluate (-3 - -3) + 1 + 2 - -1.
4
Calculate (-4 - -8 - 1) + 0.
3
What is the value of 4 + (-2 - 1) + -7 - -1?
-5
What is the value of 1 + (-4 - 1) + 0?
-4
Calculate (4 - 6) + -2 + 4.
0
Calculate (-2 - -12) + 2 + -2 + -6.
4
Evaluate (3 - (2 + 0 - 3)) + -1.
3
Calculate -3 + (5 - (6 - 2)).
-2
(-4 - 0) + (9 - 0)
5
What is the value of 4 + -7 + 1 + -1?
-3
Evaluate -24 - -25 - (4 + 0).
-3
What is the value of -9 - -2 - (-8 + 4)?
-3
Evaluate 0 - (-1 - 0 - (6 + -3)).
4
Evaluate -3 - -1 - (1 - 4).
1
What is the value of 6 + (-6 - -2) - 4?
-2
What is (2 - (2 - 2)) + 3?
5
5 - 0 - (113 - 103)
-5
(3 - (-1 + 16)) + 30 + -24
-6
What is the value of 5 + (-10 - 1) - -1?
-5
1 + (36 + -26 - (4 - -1))
6
-3 + (-10 - -5 - -4)
-4
Calculate 1 + (-16 - -16 - (-1 - -9)).
-7
-5 + -3 - (3 + -7 + -1)
-3
Evaluate 4 + (-3 - -7) + -13.
-5
1 - ((-6 - -4) + 0)
3
-2 - (-2 - (5 + -1))
4
What is 2 + -3 + -3 + 6?
2
What is -1 + (2 - -2) + -3?
0
Calculate 6 - (-1 + 2 + -3).
8
What is the value of -3 - ((5 - 1) + -4)?
-3
What is 1 + (2 - 4) + -1 + 7?
5
What is the value of 4 + (-11 - -2) + 0?
-5
8 - (-4 + 2) - 10
0
Calculate (-2 + 2 - -1) + -3.
-2
What is the value of -12 - ((-4 - -2) + -8)?
-2
-1 - -6 - (9 + -12 + 5)
3
What is the value of (3 - -4 - 2) + 2 + -4?
3
What is the value of (3 - (-1 - -1)) + -2 + 6?
7
1 - 8 - (-2 - 0 - 1)
-4
-6 + 10 - (-1 - 0)
5
What is the value of (4 - -1 - 1) + (4 - 3)?
5
What is -2 + -1 - (1 - (3 + -1))?
-2
Evaluate (-10 - (5 - 13)) + 1.
-1
Calculate 9 + -3 - (3 + (2 - 1)).
2
Evaluate -1 - (1 + (4 + 0 - -3)).
-9
Evaluate (-3 - (-3 + 4)) + 1.
-3
0 - (3 - (1 + 2))
0
What is 6 + 2 + -17 + 9?
0
What is the value of 0 + -1 + (12 - 15)?
-4
0 + -2 + (8 + 1 - 4)
3
7 + -8 + 12 + -4
7
What is the value of 4 - (2 - (-10 - -3))?
-5
(-6 - -3) + 0 + -1
-4
What is the value of -1 + (-4 - (-6 - 3))?
4
What is the value of (-19 - -2) + (-1 - -11)?
-7
What is the value of 4 - 2 - (0 - -2)?
0
What is the value of -2 + (2 - (3 - (-6 + 6)))?
-3
What is -12 - -5 - (-2 - 1)?
-4
Calculate 1 + (-11 - (-3 + 3 - 4)).
-6
What is -15 - (19 + -29) - (-6 + 1)?
0
Calculate 12 + (6 - (8 + 6)).
4
Calculate -2 - 2 - ((-1 - 0) + 2).
-5
What is the value of -11 + -22 + 25 - (-6 + 1)?
-3
1 + (-6 - (-9 + -2 + 4))
2
Evaluate 1 - (-3 + 1) - (0 - 2).
5
What is -3 + 2 + 0 + -1?
-2
(-2 + 9 - 3) + -7 - -4
1
What is 8 + -3 + -7 + -4 + 0?
-6
Evaluate 19 + -8 + 3 + 4 + -13.
5
(-7 + -6 - -3) + 7
-3
What is the value of -2 - (-1 + -4 - -8) - -3?
-2
What is the value of -2 + 2 + -3 + 1?
-2
What is the value of 3 - (-1 + -1 + 6) - -6?
5
-1 + 3 - (-2 + 1 + 3)
0
What is the value of 3 + -3 - 3 - (11 + -11)?
-3
Evaluate -2 + -1 - (2 - (2 - 0)).
-3
Evaluate -2 + -7 + 7 + 0.
-2
Evaluate -6 - (-10 - -1) - 11.
-8
What is (-99 - -94) + (-2 - -1 - 1)?
-7
Evaluate -4 + (-6 - -9) - 1.
-2
What is the value of (-3 - -1) + (-14 - -18)?
2
What is the value of 4 - (-5 + 5) - 10?
-6
What is -3 - ((-1 - 1) + (-1 - -4))?
-4
Evaluate (-4 - -1) + (5 - 7).
-5
What is the value of 21 + -15 + 0 + 0 + 1?
7
What is 0 + (-5 - -4) + 2 + 3?
4
What is 14 + -11 - (2 + -1)?
2
Calculate 4 - (-2 - (4 -